32?
2
What is the ten thousands digit of 198024847?
2
What is the units digit of 345517239?
9
What is the billions digit of 3806960172?
3
What is the ten millions digit of 201032048?
0
What is the units digit of 751686744?
4
What is the tens digit of 2569560659?
5
What is the billions digit of 1699482321?
1
What is the hundred millions digit of 109444443?
1
What is the thousands digit of 48305722?
5
What is the millions digit of 21805409?
1
What is the ten thousands digit of 1352712389?
1
What is the millions digit of 31714563?
1
What is the ten millions digit of 15287798?
1
What is the millions digit of 422845375?
2
What is the hundreds digit of 159832133?
1
What is the thousands digit of 485355591?
5
What is the tens digit of 2773670457?
5
What is the hundred thousands digit of 46631122?
6
What is the units digit of 2727730148?
8
What is the millions digit of 2045281139?
5
What is the hundred thousands digit of 1021692606?
6
What is the hundred millions digit of 738908215?
7
What is the thousands digit of 30456596?
6
What is the thousands digit of 1956164452?
4
What is the hundreds digit of 773855609?
6
What is the tens digit of 43172892?
9
What is the hundreds digit of 123670525?
5
What is the billions digit of 1127722008?
1
What is the tens digit of 17348686?
8
What is the tens digit of 1428582999?
9
What is the ten thousands digit of 2850509564?
0
What is the hundreds digit of 119153181?
1
What is the hundred thousands digit of 138463255?
4
What is the tens digit of 7228431?
3
What is the billions digit of 2509671334?
2
What is the thousands digit of 299730123?
0
What is the tens digit of 20538640?
4
What is the ten thousands digit of 1352060539?
6
What is the thousands digit of 175430223?
0
What is the hundreds digit of 816873370?
3
What is the tens digit of 85277778?
7
What is the units digit of 30164950?
0
What is the hundred thousands digit of 60955712?
9
What is the hundred thousands digit of 109354430?
3
What is the ten thousands digit of 2016606900?
0
What is the ten thousands digit of 634649823?
4
What is the thousands digit of 6332458?
2
What is the units digit of 2392389177?
7
What is the hundred thousands digit of 38112454?
1
What is the millions digit of 368822205?
8
What is the ten thousands digit of 773927789?
2
What is the hundreds digit of 77972803?
8
What is the hundred millions digit of 442487468?
4
What is the ten thousands digit of 1408332733?
3
What is the millions digit of 221198732?
1
What is the hundred thousands digit of 910817741?
8
What is the millions digit of 76808607?
6
What is the hundreds digit of 1179912181?
1
What is the hundred millions digit of 853719159?
8
What is the thousands digit of 526059023?
9
What is the ten millions digit of 183579019?
8
What is the hundred thousands digit of 751793737?
7
What is the hundred thousands digit of 17634369?
6
What is the ten thousands digit of 2068170065?
7
What is the hundreds digit of 21293693?
6
What is the units digit of 2808224087?
7
What is the hundreds digit of 69472601?
6
What is the hundreds digit of 32072623?
6
What is the hundreds digit of 33418098?
0
What is the thousands digit of 360256631?
6
What is the thousands digit of 62978057?
8
What is the millions digit of 30927148?
0
What is the units digit of 271274606?
6
What is the ten millions digit of 446530052?
4
What is the hundreds digit of 350650486?
4
What is the millions digit of 165995710?
5
What is the hundred millions digit of 872260895?
8
What is the ten thousands digit of 262920457?
2
What is the tens digit of 41705354?
5
What is the hundred thousands digit of 381923554?
9
What is the ten thousands digit of 671963131?
6
What is the units digit of 43026273?
3
What is the ten millions digit of 56843484?
5
What is the thousands digit of 7743578?
3
What is the thousands digit of 557148990?
8
What is the hundred millions digit of 2228195315?
2
What is the hundred millions digit of 7231120016?
2
What is the tens digit of 978909449?
4
What is the tens digit of 4878302578?
7
What is the hundred thousands digit of 317617052?
6
What is the units digit of 594899652?
2
What is the hundreds digit of 699423614?
6
What is the hundred thousands digit of 92481255?
4
What is the units digit of 21417139?
9
What is the millions digit of 4107599964?
7
What is the hundred thousands digit of 131639877?
6
What is the hundred millions digit of 2331139296?
3
What is the units digit of 166736690?
0
What is the hundred thousands digit of 6070177557?
1
What is the units digit of 239880586?
6
What is the hundred thousands digit of 212235164?
2
What is the units digit of 2517885187?
7
What is the ten millions digit of 4565216567?
6
What is the units digit of 872522835?
5
What is the thousands digit of 19929153?
9
What is the tens digit of 954017215?
1
What is the hundred thousands digit of 286927113?
9
What is the hundreds digit of 1517265961?
9
What is the tens digit of 186468231?
3
What is the thousands digit of 27696589?
6
What is the ten thousands digit of 3785835?
8
What is the ten thousands digit of 544304782?
0
What is the tens digit of 4910265373?
7
What is the ten thousands digit of 8006395?
0
What is the ten millions digit of 379275265?
7
What is the hundred millions digit of 253443061?
2
What is the hundreds digit of 42873903?
9
What is the ten millions digit of 166329787?
6
What is the units digit of 2234423806?
6
What is the hundreds digit of 877160265?
2
What is the ten millions digit of 2036997329?
3
What is the tens digit of 80655751?
5
What is the tens digit of 11443666?
6
What is the thousands digit of 262515464?
5
What is the millions digit of 168236337?
8
What is the hundred thousands digit of 143405951?
4
What is the hundred millions digit of 102445921?
1
What is the hundred thousands digit of 78788286?
7
What is the hundreds digit of 49119410?
4
What is the ten millions digit of 137271166?
3
What is the ten millions digit of 170188497?
7
What is the ten millions digit of 1689488914?
8
What is the millions digit of 62673919?
2
What is the thousands digit of 5635106406?
6
What is the ten thousands digit of 2720971053?
7
What is the hundred thousands digit of 63332976?
3
What is the hundreds digit of 191666406?
4
What is the hundreds digit of 113659489?
4
What is the ten millions digit of 3690764666?
9
What is the tens digit of 167524627?
2
What is the units digit of 492480186?
6
What is the hundred thousands digit of 176946283?
9
What is the tens digit of 195999306?
0
What is the units digit of 887150079?
9
What is the ten millions digit of 139792646?
3
What is the hundred millions digit of 1318455963?
3
What is the tens digit of 77885660?
6
What is the units digit of 17373900?
0
What is the hundred millions digit of 149943521?
1
What is the millions digit of 221326607?
1
What is the ten millions digit of 6053034621?
5
What is the units digit of 1026193?
3
What is the units digit of 790428233?
3
What is the tens digit of 279243881?
8
What is the tens digit of 35845222?
2
What is the tens digit of 51482614?
1
What is the hundred thousands digit of 88014766?
0
What is the hundreds digit of 97807266?
2
What is the hundred thousands digit of 428357544?
3
What is the ten millions digit of 54199428?
5
What is the millions digit of 4491872327?
1
What is the units digit of 1348459936?
6
What is the ten thousands digit of 96333193?
3
What is the hundreds digit of 1513064183?
1
What is the ten millions digit of 3852866689?
5
What is the thousands digit of 117248429?
8
What is the ten millions digit of 430214837?
3
What is the ten thousands digit of 1461354181?
5
What is the units digit of 7010926?
6
What is the hundred thousands digit of 389697363?
6
What is the hundreds digit of 64294424?
4
What is the tens digit of 38330981?
8
What is the hundreds digit of 10337084?
0
What is the units digit of 452747322?
2
What is the ten millions digit of 133127632?
3
What is the hundred millions digit of 1016908270?
0
What is the hundreds digit of 129821360?
3
What is the hundred thousands digit of 514355131?
3
What is the tens digit of 214548821?
2
What is the hundreds digit of 14849199?
1
What is the ten millions digit of 1500962265?
0
What is the ten millions digit of 610871736?
1
What is the hundred thousands digit of